*k - 5. Let g be y(-6). Suppose 0 = -g*p + 8*p - 20. Let n be -10*(p - 14/(-4)). Let r(a) = a**3 - 6*a**2 + 2*a + 1. What is r(n)?
-14
Let v(d) = -5*d**3 - 11*d**2 + 3*d + 7. Let k(n) = 6*n**3 + 11*n**2 - 4*n - 6. Suppose -b - 164 = 40*b. Let g(z) = b*k(z) - 5*v(z). Calculate g(-11).
-22
Suppose -w = -f + 7, 2*w = 3*f - 9 - 8. Suppose -f*k = -l - 118, -5*k + 4*l = -156 - 36. Let x = -49 + k. Let m(i) = -2*i + 3. Calculate m(x).
21
Let s(f) = -8*f - 1. Let i(b) = 41*b + 5. Let w(g) = -2*i(g) - 11*s(g). Suppose -21*a = -24*a + 3*o - 5001, 4*a - 3*o = -6666. Let r = 1666 + a. Calculate w(r).
7
Let n(r) = -3*r**3 + 2*r**2 - 8*r + 6. Let u(y) = 12*y + 0*y**2 + 6*y**2 + 7 - 30*y - 2*y**3 + 11*y - 3*y**2. Let d(p) = -3*n(p) + 4*u(p). Give d(-7).
-11
Let m(y) = 5*y**2 - 32*y + 1. Suppose 0 = -2*i - 40*n + 37*n + 12, 2*n = -5*i + 30. Calculate m(i).
-11
Let f = -15277 + 15279. Let t(z) be the first derivative of 0*z + 24 - 1/2*z**f + 2/3*z**3 + 5/4*z**4. Calculate t(1).
6
Let l be (-11)/(-1)*(-14)/(-77). Suppose k - l = -0*k - 3*n, -8 = 4*k - 4*n. Let b(y) = 2*y**3 - y**2 + y + 1. Calculate b(k).
-3
Let o(i) be the second derivative of i**4/6 + i**3/2 + 3*i**2/2 + 83*i. Let m(t) = -t + 16. Let c be m(18). Give o(c).
5
Let i(q) be the second derivative of -q**5/60 - q**4/8 + q**3/3 - 11*q**2/2 - 7*q. Let c(r) be the first derivative of i(r). Let l = -40 + 35. Determine c(l).
-8
Let x(g) = g**3 + 3*g**2 - 31*g - 13. Let i = 1501 - 1508. Give x(i).
8
Suppose -l + 5*o = 5, 8*l - 3*l + 2*o - 29 = 0. Suppose 2*j = 4*m + 10, l*j - 6 = -3*m - 33. Let f(b) = 2*b + 7. Calculate f(j).
1
Let f(x) = -x**2 + 12*x - 2. Let s = -251 + 248. Let q(w) = w**2 - 10*w + 2. Let h(t) = s*q(t) - 2*f(t). What is h(6)?
-2
Let b(o) be the first derivative of 3*o**2/2 - 2. Let t(w) = w**3 - 14*w**2 + 15*w - 26. Let m be t(13). Suppose -2*j + f - 6 = m, 5*f - 31 = -11. Give b(j).
-3
Let o(d) = -6*d - 293. Let t = -10217 + 10167. Give o(t).
7
Let j(y) = y**3 + 7*y**2 + 5*y - 1. Suppose -4*o - 16 = 24. Let q be ((-2)/(-3))/(o/90). What is j(q)?
5
Suppose 4*u + 6 = -18. Let o = -12 - u. Let j(r) = -34*r**2 + 57*r**2 - 1 - 7*r - 24*r**2 + 3*r. What is j(o)?
-13
Let u(z) = -2*z**2 - 3*z + 2. Suppose -2*d = 4*w + 10, -166*w - 10 = 2*d - 161*w. Give u(d).
-33
Suppose 104*d = 133*d - 754. Let z(h) = -h**2 + 24*h + 65. Give z(d).
13
Suppose -4*s + 257 = n, 6*n - 1049 = 2*n + 5*s. Let l(z) = 10*z**2 - 2*z**3 + 0*z**3 - 7*z + z**3 - n + 244. Give l(9).
1
Suppose -4*n + 12*c - 10 = 13*c, -n + 5*c + 8 = 0. Let r be 4/n + (39 - 34). Let j(a) = 10*a - 2. What is j(r)?
28
Let w(d) = -d**2 - 3*d + 11. Suppose -29*o + 229 = 142. Calculate w(o).
-7
Let h(n) = -2*n**3 + 5*n**2 + 3*n - 1. Suppose 218*w - 226*w + 1512 = 0. Suppose 0 = w*s - 185*s - 16. Determine h(s).
-37
Let o(c) = -7*c**2 - 4*c. Suppose 62*g = 66*g + 16. Let l(t) = 6*t**2 + 5*t + 1. Let d(f) = g*l(f) - 3*o(f). Give d(-3).
-7
Let s(j) = j**2 + 11*j - 21. Let z be s(-13). Let u(i) = 5*i - 4 - 3*i + i - 3*i + i. Calculate u(z).
1
Let a(x) = -10*x - 2 + 4*x**2 - 22*x + 41*x - 3*x**2 - 2*x**2. Give a(8).
6
Let y(z) = -z - 3*z - 2 + 2*z + 5*z. Let k be y(2). Let f(p) be the first derivative of p**2/2 - 2*p + 233. Calculate f(k).
2
Let j(z) = -3*z**3 + 7*z - 262 + 283 + 6*z - 6*z + 5*z**3 - 12*z**2. Calculate j(5).
6
Let r(f) = 7*f**2 + 1 + 3 - f**3 + 3*f**2 + f**2 + 14*f. Let n be r(12). Let k(u) = 15*u - n*u + 18*u + 2. What is k(2)?
12
Let k(y) = -15*y + 59 - 11*y + 43*y - 7*y - 3*y. Determine k(-8).
3
Let k(g) = 49*g - 4. Let h be k(1). Let t = h + -32. Let z = 12 - t. Let m(x) = 7*x**2 + x. What is m(z)?
6
Let d(x) be the first derivative of -3*x**4/4 - 2*x**3 - 9*x**2/2 + 5*x + 8. Let k(m) = -m**3 + 1. Let b(t) = -d(t) + 4*k(t). Determine b(7).
13
Let f(s) = -35*s + 605. Let k(w) = -3*w + 55. Let p(z) = -4*f(z) + 45*k(z). Calculate p(-13).
-10
Let j(x) be the first derivative of -x**4/4 + 2*x**3/3 + 3*x**2 - 5*x + 7. Let p(r) = r**3 + 17*r**2 - 34*r + 80. Let a be p(-19). Give j(a).
-13
Let g(j) = -264*j + 20 + 37 + 519*j - 281*j. What is g(2)?
5
Let a(s) = -s**3 + 6*s**2 - 7*s - 4. Let c be a(3). Let l(o) = -75 + 83 + o + o**2 + 5*o + c*o. Suppose 0*i - 3*i = 21. Give l(i).
1
Suppose -24*z - 31*z + 88*z = 165. Let n(f) = f + 10. Give n(z).
15
Let n be (0 + -3 + 4)*-6. Let y be ((-2)/n)/(1/(-3)). Let x(j) = 14*j**2 - 3*j. Let s(b) = b**2 - 3*b - 1. Let t(m) = -s(m) + x(m). Determine t(y).
14
Let t(v) = 9*v - 30. Let h be t(5). Let s(x) = -27*x - h + 16 + 29*x. What is s(8)?
17
Let h(f) = f. Let v be h(4). Let n(q) = -3 - 3*q - 2*q + 0*q + v*q. Determine n(4).
-7
Let q(s) = 13*s - 85. Suppose 7*j - 61 = -2*x, 3*j + 4*x - 31 = 2*j. What is q(j)?
6
Let v(d) = -d**3 + 2497*d**2 - 2*d + 2*d**3 - 2504*d**2 + 7. Suppose 2*q + 0*q = 22. Let h = -4 + q. Calculate v(h).
-7
Let m(c) = -c**2 + 4*c + 1. Suppose 4 = 2*t + 12, -2*w - t = 0. Suppose 4*p = -p - 15, -3*s = 5*p - 9. Suppose w*l = 6*l - s. What is m(l)?
5
Let v(q) = -2*q**2 - 8*q + 5. Let m(u) = -3*u**2 - 9*u + 7. Let s be 6*((-120)/(-18) - 6). Let y(h) = s*v(h) - 3*m(h). What is y(4)?
-5
Let k(j) = -j**2. Let b be 2/(-4) + (-62)/4 + 0. Let d = -2 - b. Let z = d + -15. Give k(z).
-1
Let p(x) = x + 2. Let q(r) = r + 2. Let k be (-3)/5 - (1 + 441/15). Let h = k - -24. Let n(t) = h*q(t) + 6*p(t). What is n(-4)?
2
Suppose -a = 2*z + 540, -16*z - 4*a = -20*z - 1056. Let j = z + 275. Let g(i) = i**3 - 7*i**2 + i - 6. What is g(j)?
1
Let i(q) = -2*q**3 + 20*q**2 - 19*q + 16. Let j be ((-36)/36 - -1*7) + (1 - -2). Give i(j).
7
Let d(k) be the second derivative of -12 + 1/2*k**3 + k - 3*k**2. What is d(-7)?
-27
Let t(y) = 2*y**3 + 8*y**2 + 14*y + 233. Let d be t(-6). Let u(q) = -39*q + 212. What is u(d)?
17
Let n(i) = 267*i + 5048. Let s be n(-19). Let c(t) = t**3 + 27*t**2 + 55*t + 60. Determine c(s).
-65
Let d(h) = -11*h - 15 - 12*h - 10*h - 2 + 30*h. Give d(-3).
-8
Suppose 0 = d + 4*p + 1, 10*d + 3*p + 5 = 5*d. Let g(l) = l**2 - l + 1. Let i(t) = 6 + 0*t - 6*t + 15*t**2 - 1 + 2*t. Let k(v) = -5*g(v) + i(v). Give k(d).
9
Let l(d) be the second derivative of -d**5/60 + d**4/24 + d**3/2 - 75*d**2/2 - 105*d. Let a(b) be the first derivative of l(b). Determine a(3).
-3
Suppose 204 = 107*y - 104*y. Let n(l) = -27*l - 4 + y*l - 32*l. What is n(3)?
23
Let l(v) = 3*v**3 + v + 1. Suppose -144*u + 6066 = -153*u. Let j = u + 673. Determine l(j).
-3
Let l be 2/(-5) - 296/(-740). Let s(r) be the third derivative of 0 + 12*r**2 + 1/6*r**3 + l*r - 1/60*r**5 - 1/24*r**4. Give s(-4).
-11
Let t(m) be the second derivative of 5/6*m**3 + 1/20*m**5 + 2*m + 1/2*m**4 + 2 - m**2. Let g be (2/(-4))/((-2)/(-20)). Give t(g).
-2
Let x = -407 + 408. Let n(s) be the second derivative of 0 - s + 0*s**2 - 2/3*s**3. What is n(x)?
-4
Let h(w) be the first derivative of 20*w**3/3 + w**2 - w - 985. What is h(1)?
21
Let d(h) = -h**3 + 10*h**2 + 9*h + 15. Suppose -11*o = -38*o + 891. Suppose -o*c = -27*c - 66. Determine d(c).
-7
Let b(z) = 2*z + 4. Let r = -7 - -10. Suppose 5*v - 3*y = 3, -r*v + 3*y - 24 = -7*v. Suppose 24 = v*c + 2*k, c - 8 = -3*k + 7. Determine b(c).
16
Let t(w) be the first derivative of -31*w**2/2 + 76*w + 7798. What is t(3)?
-17
Let g(m) be the second derivative of -3*m**3 - m**2 - 508*m. Determine g(-1).
16
Let m(u) = 2*u**2 - 2*u + 1. Let h(l) = 17*l**2 - 31*l + 4. Let i(r) = h(r) - 8*m(r). Let s(d) = 16*d - 1. Let v be s(1). Give i(v).
-4
Let f(m) = -82*m - 5. Let p be f(0). Suppose -7 = -w - 3. Let q(o) = o**2 - 7 + 2*o - w*o**2 + 4*o**2 + 0. What is q(p)?
8
Let t(l) = 2*l**3 - l**2 + 3*l + 10. Let v be t(0). Suppose 3*w - 3*b = 24, w - 2*w - 5*b - v = 0. Let n(y) = y**2 - 4*y - 1. What is n(w)?
4
Let q be (8 - 7 - 3)/((-1)/2). Let k(z) = -5*z + q*z + 14 - 5*z. Determine k(3).
-4
Let y(w) = w**3 + 9*w**2 + 16*w + 10. Suppose 46*c - 50*c - 3 = 5*p, 3*c + 2*p = -11. Give y(c).
-4
Let l(s) = s + 11. Let u be (-215)/86 - 2/(-4). Let q(o) = -9. Let n(f) = u*l(f) - 3*q(f). Suppose 12 = 3*y, -t + 4*y - 9 + 1 = 0. Give n(t).
-11
Let a(y) be the first derivative of 2*y**3/3 - 3*y**2 - 6*y - 2322. Calculate a(-3).
30
Let w(x) = -9*x - 3*x - 647077 + 646992. Calculate w(-6).
-13
Let o(t) = 35*t**2 - 2177*t + 2*t**3 - 34*t**2 + 2178*t. What is o(0)?
0
Suppose 0 = -2*o - 6, 2 = 4*b + 2*o - 12. Let i(x) = 4*x - 10 +